remainder when 1016 is divided by 336?
8
What is the remainder when 92 is divided by 7?
1
What is the remainder when 692 is divided by 248?
196
Calculate the remainder when 45 is divided by 6.
3
Calculate the remainder when 626 is divided by 70.
66
What is the remainder when 64 is divided by 57?
7
Calculate the remainder when 11222 is divided by 23.
21
What is the remainder when 299 is divided by 75?
74
What is the remainder when 2498 is divided by 250?
248
Calculate the remainder when 5122 is divided by 61.
59
Calculate the remainder when 2360 is divided by 765.
65
Calculate the remainder when 2105 is divided by 24.
17
Calculate the remainder when 623 is divided by 204.
11
What is the remainder when 1001 is divided by 167?
166
Calculate the remainder when 82 is divided by 4.
2
Calculate the remainder when 307 is divided by 90.
37
What is the remainder when 402 is divided by 65?
12
What is the remainder when 50 is divided by 19?
12
Calculate the remainder when 385 is divided by 172.
41
Calculate the remainder when 2347 is divided by 29.
27
What is the remainder when 157 is divided by 24?
13
Calculate the remainder when 107 is divided by 29.
20
What is the remainder when 127 is divided by 49?
29
Calculate the remainder when 2417 is divided by 26.
25
Calculate the remainder when 319 is divided by 168.
151
Calculate the remainder when 85 is divided by 2.
1
What is the remainder when 4931 is divided by 105?
101
What is the remainder when 265 is divided by 17?
10
Calculate the remainder when 467 is divided by 260.
207
What is the remainder when 197 is divided by 27?
8
What is the remainder when 2222 is divided by 106?
102
Calculate the remainder when 412 is divided by 5.
2
What is the remainder when 20 is divided by 6?
2
What is the remainder when 100 is divided by 7?
2
Calculate the remainder when 1240 is divided by 73.
72
Calculate the remainder when 177 is divided by 61.
55
Calculate the remainder when 43317 is divided by 38.
35
Calculate the remainder when 105 is divided by 54.
51
What is the remainder when 85 is divided by 48?
37
What is the remainder when 1943 is divided by 36?
35
What is the remainder when 4 is divided by 2?
0
Calculate the remainder when 237 is divided by 225.
12
Calculate the remainder when 139 is divided by 66.
7
Calculate the remainder when 301 is divided by 63.
49
What is the remainder when 789 is divided by 33?
30
What is the remainder when 56 is divided by 15?
11
What is the remainder when 552 is divided by 22?
2
What is the remainder when 571 is divided by 72?
67
What is the remainder when 245 is divided by 31?
28
Calculate the remainder when 9588 is divided by 109.
105
Calculate the remainder when 373 is divided by 55.
43
What is the remainder when 239 is divided by 49?
43
Calculate the remainder when 2029 is divided by 89.
71
What is the remainder when 1914 is divided by 129?
108
Calculate the remainder when 207 is divided by 35.
32
Calculate the remainder when 3059 is divided by 36.
35
What is the remainder when 237 is divided by 80?
77
Calculate the remainder when 43 is divided by 29.
14
Calculate the remainder when 701 is divided by 107.
59
What is the remainder when 5606 is divided by 71?
68
What is the remainder when 31 is divided by 22?
9
What is the remainder when 532 is divided by 47?
15
What is the remainder when 273 is divided by 25?
23
Calculate the remainder when 751 is divided by 13.
10
Calculate the remainder when 2754 is divided by 106.
104
What is the remainder when 60 is divided by 31?
29
What is the remainder when 190 is divided by 189?
1
What is the remainder when 35 is divided by 11?
2
What is the remainder when 378 is divided by 20?
18
What is the remainder when 100 is divided by 14?
2
What is the remainder when 985 is divided by 142?
133
What is the remainder when 1834 is divided by 51?
49
What is the remainder when 168 is divided by 85?
83
Calculate the remainder when 2378 is divided by 140.
138
What is the remainder when 172 is divided by 33?
7
What is the remainder when 277 is divided by 37?
18
Calculate the remainder when 1085 is divided by 212.
25
Calculate the remainder when 21138 is divided by 261.
258
Calculate the remainder when 20 is divided by 11.
9
Calculate the remainder when 1187 is divided by 70.
67
Calculate the remainder when 66 is divided by 28.
10
What is the remainder when 154 is divided by 78?
76
What is the remainder when 508 is divided by 85?
83
What is the remainder when 10 is divided by 3?
1
What is the remainder when 79 is divided by 29?
21
Calculate the remainder when 179 is divided by 41.
15
Calculate the remainder when 491 is divided by 55.
51
Calculate the remainder when 37 is divided by 16.
5
What is the remainder when 97 is divided by 7?
6
What is the remainder when 158 is divided by 30?
8
What is the remainder when 1165 is divided by 207?
130
What is the remainder when 208 is divided by 59?
31
Calculate the remainder when 298 is divided by 61.
54
Calculate the remainder when 1263 is divided by 55.
53
Calculate the remainder when 110 is divided by 6.
2
Calculate the remainder when 1514 is divided by 20.
14
What is the remainder when 3712 is divided by 1841?
30
What is the remainder when 2013 is divided by 28?
25
What is the remainder when 113 is divided by 82?
31
What is the remainder when 1496 is divided by 189?
173
Calculate the remainder when 257 is divided by 129.
128
What is the remainder when 7947 is divided by 318?
315
What is the remainder when 248 is divided by 5?
3
Calculate the remainder when 319 is divided by 111.
97
What is the remainder when 20220 is divided by 27?
24
What is the remainder when 708 is divided by 78?
6
What is the remainder when 167 is divided by 13?
11
Calculate the remainder when 122 is divided by 63.
59
What is the remainder when 87 is divided by 7?
3
What is the remainder when 119 is divided by 30?
29
What is the remainder when 23 is divided by 20?
3
What is the remainder when 1009 is divided by 45?
19
Calculate the remainder when 12441 is divided by 122.
119
What is the remainder when 746 is divided by 34?
32
What is the remainder when 779 is divided by 30?
29
Calculate the remainder when 468 is divided by 67.
66
Calculate the remainder when 964 is divided by 99.
73
What is the remainder when 1381 is divided by 77?
72
Calculate the remainder when 718 is divided by 103.
100
Calculate the remainder when 268 is divided by 54.
52
Calculate the remainder when 164 is divided by 34.
28
What is the remainder when 550 is divided by 160?
70
Calculate the remainder when 328 is divided by 78.
16
What is the remainder when 1232 is divided by 35?
7
Calculate the remainder when 105 is divided by 66.
39
What is the remainder when 529 is divided by 259?
11
Calculate the remainder when 1038 is divided by 104.
102
What is the remainder when 100 is divided by 36?
28
Calculate the remainder when 1092 is divided by 66.
36
What is the remainder when 38 is divided by 15?
8
What is the remainder when 1285 is divided by 427?
4
What is the remainder when 413 is divided by 9?
8
What is the remainder when 4597 is divided by 1526?
19
Calculate the remainder when 1330 is divided by 46.
42
Calculate the remainder when 162 is divided by 24.
18
What is the remainder when 107 is divided by 27?
26
Calculate the remainder when 451 is divided by 111.
7
Calculate the remainder when 2163 is divided by 136.
123
Calculate the remainder when 113 is divided by 88.
25
Calculate the remainder when 1319 is divided by 419.
62
Calculate the remainder when 374 is divided by 336.
38
What is the remainder when 2556 is divided by 122?
116
What is the remainder when 229 is divided by 37?
7
Calculate the remainder when 124 is divided by 91.
33
Calculate the remainder when 61 is divided by 29.
3
What is the remainder when 738 is divided by 159?
102
Calculate the remainder when 16847 is divided by 337.
334
Calculate the remainder when 1104 is divided by 65.
64
Calculate the remainder when 535 is divided by 90.
85
What is the remainder when 36 is divided by 25?
11
Calculate the remainder when 53 is divided by 53.
0
Calculate the remainder when 27 is divided by 7.
6
Calculate the remainder when 201 is divided by 115.
86
Calculate the remainder when 2059 is divided by 681.
16
Calcu